Let s(u) = 4*u**2 + 25*u - 10. Let z(w) = 2*s(w) - 7*y(w). Calculate z(2).
7
Let u(n) = n**3 - 2*n**3 - 5 + 29*n - 3 - 33*n + 6*n**2. What is u(5)?
-3
Let m(r) = 4*r**2 - 2*r - 15. Let y(p) = p**2 - 5. Let u(o) = -m(o) + 5*y(o). Give u(-7).
25
Let k(d) = d**2 + 7*d + 10. Let m be k(-6). Let h(z) = z**2 - 12*z + 8. Let p(i) = -i**2 + 11*i - 7. Let q(v) = m*p(v) + 3*h(v). Give q(6).
8
Let t(y) = -y + 10. Let a(l) = 9. Let d(k) = 5*a(k) - 4*t(k). Let w(h) = h. Let z(m) = -d(m) + 5*w(m). What is z(4)?
-1
Suppose k - 5 = 2. Suppose 3*y + 1 = 2*a, -3*y = 3*a - k - 2. Let q be (-4 + 3)*7 - y. Let x(g) = -g - 2. Determine x(q).
6
Let h(a) = 10*a**3 + 2*a**2 - 1. Let z(i) = -i + 25. Let n be z(26). Determine h(n).
-9
Let z(n) be the third derivative of -n**4/24 - n**3/2 + 626*n**2. Suppose v - 4 = -1, 0 = 4*u - 5*v + 43. Determine z(u).
4
Let u(c) = c**2 + c - 4. Let q be (-680)/(-85)*6/16. Calculate u(q).
8
Let h(q) = -4*q**3 + 9*q**2 + 9. Let n(b) = -b**3 + b**2 + 1. Let f(v) = h(v) - 3*n(v). What is f(6)?
6
Let z(q) = 13*q - 1. Let p(h) = -3*h. Let r(g) = -9*p(g) - 2*z(g). Give r(4).
6
Let q(w) = w**2 - 2*w - 3. Let r be (-2 + -2)*5/(-20). Suppose -28 = -9*n - r. Calculate q(n).
0
Let d(q) = -5*q**2 + 16. Let o(u) = 2*u**2 - u - 8. Let g(h) = -3*d(h) - 7*o(h). What is g(-6)?
2
Let q = 2 - -1. Suppose -m = q*m - 60. Let g be m + -12 + -1 + 1. Let x(v) = v**2 - 6*v + 2. Determine x(g).
-7
Let y(a) = 10*a**2 + 32*a + 80. Let j(s) = -4*s**2 - 13*s - 33. Let o(u) = 12*j(u) + 5*y(u). Determine o(-4).
20
Let g(a) = a**3 + 4*a**2 - 2*a + 7. Let b(j) be the first derivative of j**4/4 + 2*j**3/3 - 6*j**2 - 21*j + 24. Let o be b(-4). Give g(o).
-8
Let j(n) = 18*n**3 - 24*n**3 + 2*n**2 - 4 + 2*n**3 + 3*n**3 - 3*n + 7*n. Let d(o) = o**2 - 2*o - 5. Let a be d(4). Determine j(a).
-1
Suppose 3*g = 2*g + 2. Suppose 0 = g*a + 15 - 7. Let s(o) = o**2 + o - 2. Give s(a).
10
Suppose o - 34 = -2*i + 10, -3*i = 3*o - 63. Suppose 3*b - 6 = q, 8 = -5*q + i. Let j(r) = r**3 - r - 3. Determine j(b).
21
Let i(n) = -4*n**3 - 12 - 3*n + 8 + 0*n**2 - 2*n**2 - n**2. Let c(f) = -f**3 + f**2 + f - 1. Let b(k) = -3*c(k) + i(k). Calculate b(-5).
4
Let k be (0 + 3)*40/15. Let x be 42/k - (-5)/(-20). Let o(r) = -r**3 + 5*r**2 - 2. Give o(x).
-2
Suppose 222 + 18 = 20*i. Let v(k) = -k**3 + 11*k**2 + 12*k + 3. What is v(i)?
3
Let p(l) = -l**3 - 14*l**2 - 5*l - 17. Let r(q) = -3*q - 62. Let a be r(-16). Calculate p(a).
53
Let t(p) = 6*p**2 + p + 1. Suppose -3*i = -5 - 1. Suppose -8 = i*x - 2*g, -2*x - 5*g = -0*g - 13. What is t(x)?
6
Let r be (-3)/(-6)*44/(-8)*(-80)/44. Let o(q) = -q. Let k(c) = c. Let a(l) = -6*k(l) - 5*o(l). Give a(r).
-5
Let l(a) = -11*a**3 - 2*a**2 + 2*a - 1. Suppose 27*u - 24 = 24*u. Suppose 0 = x - 0*x + 3*w + u, 4*x + 11 = -5*w. Calculate l(x).
-12
Let g = -62 + 62. Suppose 2*w + 4*q = 2, -22 = -4*w + q - g*q. Let f(o) = -o + 9. Give f(w).
4
Suppose c = -4*x + 15, 2*c = -3*x + 4 + 1. Let s(o) = -11*o - 13. Let f(q) = 6*q + 7. Let d = -13 + 16. Let k(h) = d*s(h) + 5*f(h). Determine k(x).
-19
Let t(p) = 3*p + 2. Let q(k) = 10*k + 35. Let h be q(-3). Calculate t(h).
17
Let w(k) = 9*k - 10*k - 8 + 8. What is w(-2)?
2
Let d be (1 + 0)/((-1)/2). Let z(w) = 5. Let b(y) = -y + 1. Let p(x) = b(x) - z(x). Calculate p(d).
-2
Let y(g) = 2*g + 7. Let x = 181 + -184. Calculate y(x).
1
Let i(u) = -u. Suppose 2*g - o - 3*o = -28, 2*o + 10 = -5*g. Let y = g - -7. Let b be i(y). Let z(f) = -f**3 - 3*f**2 - 1. Determine z(b).
-1
Let c(w) = w**3 - 6*w**2 + 6*w. Let h be c(5). Suppose 5*d + 0*p = -3*p - 19, 30 = -4*d + h*p. Let n(s) = s**2 + s - 2. Calculate n(d).
18
Let t(a) = -14*a**3 - a. Suppose -3*d + 4*i + 55 = 0, 0 = -3*d + 5*d + 2*i - 60. Suppose 2*n = -3*n + d. Suppose -7 - 10 = -n*s + 4*r, -r = 3*s. Determine t(s).
-15
Let l be -5*(0 - 128/20). Suppose 2*q - l = -2. Suppose -20 - q = -5*i. Let g(s) = -s**3 + 8*s**2 - 6*s - 5. What is g(i)?
2
Let o(z) = z - 3. Let h be 1 - -2 - 96/8. Let u(v) = 4*v**2 + 34*v - 13. Let i be u(h). Give o(i).
2
Suppose 4*h = h + 4*j + 7, -h + 29 = 4*j. Let k(l) = -2*l + 9. What is k(h)?
-9
Let i = -17 - -19. Suppose -3*v - 3*m + 6 = 0, i = 2*v - 5*m - 2. Suppose -5*n - v*q = -27, -2*n = n - q - 14. Let g(u) = 2*u + 1. What is g(n)?
11
Let z(n) be the third derivative of n**4/8 - 5*n**3/6 + 358*n**2. Let b be 2*((-1)/(-2) - -2). What is z(b)?
10
Let f(w) be the third derivative of w**5/60 - w**4/4 + w**3 + 45*w**2. Determine f(6).
6
Let w(q) = q. Let l(u) = u**2 - u - 1. Let i be l(2). Suppose -f + i + 4 = 0. Suppose 0 = 5*r, b - 2*r + f = 2*r. What is w(b)?
-5
Let f be (4/12)/(2/(-30)*1). Let a(h) = 2*h**2 - 10*h - 7. Let r(i) = 5*i**2 - 21*i - 14. Let d(w) = 7*a(w) - 3*r(w). Give d(f).
3
Let c be (4/(-1))/((-40)/(-24) + -3). Let z(i) = -15*i**3 + 2*i + 35*i**3 + i**2 - 3 - 21*i**c. Suppose -s + 2*k + 6 = 0, -3*s - s + 2 = 3*k. Calculate z(s).
-3
Let z(g) be the third derivative of -5*g**4/24 - g**3/6 + 7*g**2. Let f(m) = -8*m - 1. Let p(c) = 5*f(c) - 7*z(c). Calculate p(2).
-8
Suppose -2*s = 3 + 3, -5*s - 290 = -5*x. Suppose -4*z = -3*n - 15 - 40, -n - x = -5*z. Let c(l) = -l**3 + 9*l**2 + 9*l + 5. Calculate c(z).
-5
Let g(q) = 2*q**2 - 7*q + 10. Let z(c) = 9*c + 174. Let r be z(-19). Calculate g(r).
7
Let h(v) = -73*v - 2. Let b(r) = -37*r - 1. Let i(g) = -11*b(g) + 6*h(g). Let y = -9 + 8. Calculate i(y).
30
Suppose k - 4 = -4*q, -3*k + 2*k + 5 = 5*q. Let h = -34 + 38. Suppose h = -y - q. Let v(t) = t**3 + 6*t**2 + 6*t + 5. Calculate v(y).
0
Suppose 0 = -2*q + p + 12, -5*p = -p + 16. Let l = 9 - 4. Suppose -q*a - 13 = 3*s + a, 9 = s - l*a. Let x(m) = 2*m + 1. Determine x(s).
-1
Let s = -9 - -11. Let h(f) = -6*f + 9. Let z(w) = -7*w + 10. Let d(b) = 6*h(b) - 5*z(b). Let a be d(s). Let u(q) = -3*q**2 + 3*q. Determine u(a).
-6
Suppose 2*y = 7 + 5. Let o(i) = y*i - i - 3*i. Let m be (-2)/(-3*(-10)/(-45)). Calculate o(m).
6
Let z(r) = r**2 - 4*r - 1. Let j(o) = o**3 + 9*o**2 - 8*o - 7. Let i be j(-9). Let d = -61 + i. Determine z(d).
-1
Let s be (21 - 24)/((-6)/8). Let d be (-2)/7 - (-32)/14. Let i(h) = 2*h**3 + h - 3*h - 3*h**3 + 2*h**d + 2*h**2. What is i(s)?
-8
Let y be 0 - -8 - 11 - 2. Let n(i) = i**2 + 10*i + 16. Calculate n(y).
-9
Let z(r) be the third derivative of 1/12*r**4 + 0*r + 0 + 1/180*r**6 - r**3 - 1/40*r**5 + 4*r**2. Let h(t) be the first derivative of z(t). Determine h(3).
11
Let m(c) = c**2 + 10*c - 1. Let p = -593 - -587. Calculate m(p).
-25
Suppose 6*i - 3*i - 18 = -4*x, 12 = 2*i - 3*x. Let a(s) = 2*s**2 + 12*s + 11. Let l(c) = c**2 + 8*c + 6. Let t(h) = 4*a(h) - 7*l(h). Give t(i).
-10
Suppose -148*o - 6 = -145*o. Let p(z) = 3*z**2 + z. Give p(o).
10
Let t(u) = -u - 2. Let z be t(-8). Let s(g) be the first derivative of -g**4/4 + 5*g**3/3 + 4*g**2 - 9*g + 54. Calculate s(z).
3
Let v(w) be the third derivative of 5*w**4/8 + w**3/6 - 5*w**2. Suppose -4*l - 2*f = -6, 2*l + 8*f = 10*f. What is v(l)?
16
Suppose -4*z = -5*c + 44, 0 = 3*c - 5*z + 3 - 19. Let i = 18 - c. Let q(p) = -p**2 - 2*p**2 + 5*p + 2*p**2 + 3*p - 2. Give q(i).
10
Let k = -60 - -57. Let m(c) = 2*c**3 + 1. Let b(j) = 4*j**2 + 3*j**3 + 3 - 4*j**2. Let n(o) = k*b(o) + 5*m(o). Give n(0).
-4
Suppose -5*l - 445 = -5*p, 3*l + 356 = p + 3*p. Let t = 91 - p. Let n(f) = -f + 1. Let s(c) = 9*c - 9. Let h(q) = -21*n(q) - 2*s(q). What is h(t)?
3
Let t(h) = 4*h**2 - 3*h - 4. Let a(x) = -x**2 + 17*x - 40. Let c be a(14). What is t(c)?
6
Suppose -h + 2 = 1. Let a(p) = p - 110038 - 6*p**3 - p**2 + 220070 - 110033. Determine a(h).
-7
Suppose 28 = 3*d + 16. Let h(f) = -2*f**2 + 0*f**2 - 4*f - 5 + f**3 + 0*f**2. What is h(d)?
11
Let w(j) = 61*j**2 - 130*j**2 + j**3 - j - 6 - 5*j**3 + 65*j**2. Let l(z) = z + z + 11 + 7*z**3 + 10*z**2 - 3*z**2. Let o(u) = 3*l(u) + 5*w(u). Calculate o(0).
3
Suppose 0 = -r + 161 - 162. Let t(g) = g + 1. Let q(o) = -2*o**2 + 3*o**2 + 4*o - 5 + 4. Let z(p) = r*q(p) - 3*t(p). Give z(-5).
8
Suppose 2*t - 46 = -2. Let p be (t/6 + -4)*-3. Let h(d) = 0*d - d + 3 + 2*d + p. Give h(-2).
2
Let t = -3 + 3. Let q(a) = 14*a + 8. Let o(j) = -11*j - 7. Let y(b) = -5*o(b) - 4*q(b). Determine y(t).
3
Let t(w) = w**3 - w**2 - w - 1. Let s(i) = -4*i**3 + 12*i**2 - 4*i - 7. Let v(y) = s(y) + 5*t(y). Let o be ((-33)/22)/((-6)/(-32)). Give v(o).
-4
Let j(t) = -t**3 + 6*t**2 